{"id":51,"date":"2021-05-20T09:15:43","date_gmt":"2021-05-20T09:15:43","guid":{"rendered":"https:\/\/www.tecnocoopcs.it\/?page_id=51"},"modified":"2021-07-30T06:51:20","modified_gmt":"2021-07-30T06:51:20","slug":"chi-siamo-2","status":"publish","type":"page","link":"https:\/\/www.sesag.it\/index.php\/chi-siamo-2\/","title":{"rendered":"Chi siamo"},"content":{"rendered":"\n<div class=\"wp-container-1 wp-block-group\"><div class=\"wp-block-group__inner-container\">\n<div class=\"wp-block-image\"><figure class=\"alignleft size-full\"><img loading=\"lazy\" width=\"288\" height=\"175\" src=\"https:\/\/www.sesag.it\/wp-content\/uploads\/2021\/07\/chisiamo.png\" alt=\"\" class=\"wp-image-168\" srcset=\"https:\/\/www.sesag.it\/wp-content\/uploads\/2021\/07\/chisiamo.png 288w, https:\/\/www.sesag.it\/wp-content\/uploads\/2021\/07\/chisiamo-99x60.png 99w\" sizes=\"(max-width: 288px) 100vw, 288px\" \/><\/figure><\/div>\n\n\n\n<p>La Cooperativa Sociale Sesag progetta e gestisce servizi socio assistenziali e sanitari, attraverso i quali si prende cura delle persone, generando benessere sia per i singoli fruitori dei servizi e loro familiari, sia per la comunit\u00e0 e il sistema sociale in cui sono inseriti.<\/p>\n\n\n\n<p>Assumendo la centralit\u00e0 della persona (utente, operatore, cittadino) come riferimento costante del proprio operare (servizi, strutture, organizzazione), viene posta di conseguenza la massima attenzione alle persone che costituiscono la base sociale.<\/p>\n\n\n\n<p><strong>Data di costituzione:<\/strong>&nbsp;&nbsp;&nbsp;&nbsp;&nbsp; 05\/01\/2009<\/p>\n\n\n\n<p><strong>Tipologia:<\/strong> Cooperativa sociale a mutualit\u00e0 prevalente di Tipo A \u2013 ONLUS<\/p>\n\n\n\n<p><strong>Codice fiscale e partita IVA:<\/strong>&nbsp;&nbsp;&nbsp;&nbsp;&nbsp;&nbsp; 00877320945<\/p>\n\n\n\n<p><strong>Numero iscrizione Albo Cooperative:<\/strong>&nbsp;&nbsp;&nbsp; A196946<\/p>\n\n\n\n<p><strong><u>Oggetto sociale:<\/u><\/strong><strong>&nbsp;&nbsp;&nbsp;&nbsp;&nbsp;&nbsp;&nbsp;&nbsp;&nbsp;&nbsp;&nbsp;&nbsp;&nbsp;<\/strong><\/p>\n\n\n\n<ul><li>Realizzazione di attivit\u00e0 sociali, socio-sanitarie e sanitarie con la fornitura di servizi anche a strutture terze sia pubbliche che private<\/li><li>Promozione di iniziative di sensibilizzazione, informazione e formazione sulla fruizione dei servizi offerti alla collettivit\u00e0 con forte orientamento alla prevenzione dei fenomeni degenerativi di tipo fisico\/psichico e sociale<\/li><li>Organizzazione di conferenze, manifestazioni, seminari sui temi oggetto della cooperativa<\/li><\/ul>\n\n\n\n<p><strong><u>Composizione base sociale<\/u><\/strong><\/p>\n\n\n\n<p>Assumono la qualifica di soci tutti coloro che presentino domanda al Consiglio di Amministrazione, il quale decide in merito alla richiesta.<\/p>\n\n\n\n<p>Ogni socio concorre alla definizione degli indirizzi di gestione e al governo dell\u2019impresa. La partecipazione alle assemblee per il socio \u00e8 un diritto\/dovere.<\/p>\n\n\n\n<p>In relazione alla ammissione di nuovi soci la cooperativa ha agito nel rispetto del principio della porta aperta nel proporsi lo sviluppo dell\u2019attivit\u00e0 sociale. Le ammissioni sono state coerenti con la capacit\u00e0 della societ\u00e0 di soddisfare gli interessi dei soci, sulla base delle concrete esigenze di sviluppo della stessa.<\/p>\n\n\n\n<p>Soci al 31.12.2019 numero 111&nbsp;&nbsp;&nbsp;&nbsp;&nbsp;&nbsp;&nbsp;&nbsp;&nbsp;&nbsp;&nbsp;&nbsp;&nbsp;&nbsp;&nbsp;&nbsp;&nbsp;&nbsp;&nbsp;&nbsp;&nbsp;&nbsp;&nbsp;&nbsp;&nbsp;&nbsp;&nbsp;&nbsp;&nbsp;&nbsp;&nbsp;&nbsp;&nbsp;&nbsp;&nbsp;&nbsp;&nbsp;&nbsp;&nbsp;&nbsp;&nbsp;&nbsp;&nbsp;&nbsp;&nbsp;<\/p>\n\n\n\n<p>Soci ammessi nel 2020 numero 16&nbsp;&nbsp;&nbsp;&nbsp;&nbsp;&nbsp;&nbsp;&nbsp;&nbsp;<\/p>\n\n\n\n<p>Recesso soci nel 2020 numero 0<\/p>\n\n\n\n<p>Soci al 31.12.2020 numero 127<\/p>\n<\/div><\/div>\n\n\n\n<h5 class=\"has-text-align-center\"><strong><span class=\"has-inline-color has-vivid-red-color\">COMPOSIZIONE DELLA BASE SOCIALE<\/span><\/strong><\/h5>\n\n\n\n<figure class=\"wp-block-table is-style-regular\"><table class=\"has-black-color has-text-color has-fixed-layout\"><tbody><tr><td class=\"has-text-align-center\" data-align=\"center\"><strong><span class=\"has-inline-color has-vivid-red-color\">TIPOLOGIA<\/span><\/strong><\/td><td class=\"has-text-align-center\" data-align=\"center\"><strong><span class=\"has-inline-color has-vivid-red-color\">MASCHI<\/span><\/strong><\/td><td class=\"has-text-align-center\" data-align=\"center\"><strong><span class=\"has-inline-color has-vivid-red-color\">FEMMINE<\/span><\/strong><\/td><td class=\"has-text-align-center\" data-align=\"center\"><strong><span class=\"has-inline-color has-vivid-red-color\">TOTALE<\/span><\/strong><\/td><\/tr><tr><td class=\"has-text-align-center\" data-align=\"center\">ANNO 2020<\/td><td class=\"has-text-align-center\" data-align=\"center\">51<\/td><td class=\"has-text-align-center\" data-align=\"center\">76<\/td><td class=\"has-text-align-center\" data-align=\"center\">127<\/td><\/tr><\/tbody><\/table><\/figure>\n\n\n\n<div class=\"wp-container-2 wp-block-group\"><div class=\"wp-block-group__inner-container\"><\/div><\/div>\n\n\n\n<p>La Cooperativa prevede i seguenti organi sociali:<\/p>\n\n\n\n<ul><li>l\u2019Assemblea dei Soci<\/li><li>il Consiglio di Amministrazione<\/li><li>il Collegio dei Revisori<\/li><\/ul>\n\n\n\n<p>L\u2019assemblea dei soci \u00e8 composta da tutti i soci ammessi a farne parte e si riunisce almeno una volta all\u2019anno per l\u2019approvazione del bilancio di esercizio. Le principali delibere dell\u2019assemblea dei soci riguardano l\u2019approvazione del bilancio, l\u2019approvazione dei regolamenti interni, la nomina, revoca e sostituzione degli amministratori, le modifiche dello statuto sociale.<\/p>\n\n\n\n<p><strong>Consiglio di Amministrazione<\/strong><\/p>\n\n\n\n<p><strong>Petrangelo Luca<\/strong><br><em>Presidente<\/em><\/p>\n\n\n\n<p><strong>Cuccovia Stefano<\/strong><br><em>Consigliere<\/em><\/p>\n\n\n\n<p><strong>Verrecchia Mauro<\/strong><br><em>Consigliere<\/em><\/p>\n\n\n\n<p><strong>Collegio dei Revisori<\/strong><\/p>\n\n\n\n<p><strong>Patriciello Fabio<\/strong><br><em>Presidente<\/em><\/p>\n\n\n\n<p><strong>Taccone Goffredo<\/strong><br><em>Sindaco<\/em><\/p>\n\n\n\n<p><strong>Lonardo Luca<\/strong><br><em>Sindaco<\/em><\/p>\n","protected":false},"excerpt":{"rendered":"<p>La Cooperativa Sociale Sesag progetta e gestisce servizi socio assistenziali e sanitari, attraverso i quali si prende cura delle persone, generando benessere sia per i &hellip; <\/p>\n","protected":false},"author":1,"featured_media":0,"parent":0,"menu_order":0,"comment_status":"closed","ping_status":"closed","template":"","meta":[],"_links":{"self":[{"href":"https:\/\/www.sesag.it\/index.php\/wp-json\/wp\/v2\/pages\/51"}],"collection":[{"href":"https:\/\/www.sesag.it\/index.php\/wp-json\/wp\/v2\/pages"}],"about":[{"href":"https:\/\/www.sesag.it\/index.php\/wp-json\/wp\/v2\/types\/page"}],"author":[{"embeddable":true,"href":"https:\/\/www.sesag.it\/index.php\/wp-json\/wp\/v2\/users\/1"}],"replies":[{"embeddable":true,"href":"https:\/\/www.sesag.it\/index.php\/wp-json\/wp\/v2\/comments?post=51"}],"version-history":[{"count":13,"href":"https:\/\/www.sesag.it\/index.php\/wp-json\/wp\/v2\/pages\/51\/revisions"}],"predecessor-version":[{"id":180,"href":"https:\/\/www.sesag.it\/index.php\/wp-json\/wp\/v2\/pages\/51\/revisions\/180"}],"wp:attachment":[{"href":"https:\/\/www.sesag.it\/index.php\/wp-json\/wp\/v2\/media?parent=51"}],"curies":[{"name":"wp","href":"https:\/\/api.w.org\/{rel}","templated":true}]}}

<div class="wp-container-1 wp-block-group"><div class="wp-block-group__inner-container">
<div class="wp-block-image"><figure class="alignleft size-full"><img loading="lazy" width="288" height="175" src="https://www.sesag.it/wp-content/uploads/2021/07/chisiamo.png" alt="" class="wp-image-168" srcset="https://www.sesag.it/wp-content/uploads/2021/07/chisiamo.png 288w, https://www.sesag.it/wp-content/uploads/2021/07/chisiamo-99x60.png 99w" sizes="(max-width: 288px) 100vw, 288px" /></figure></div>



<p>La Cooperativa Sociale Sesag progetta e gestisce servizi socio assistenziali e sanitari, attraverso i quali si prende cura delle persone, generando benessere sia per i singoli fruitori dei servizi e loro familiari, sia per la comunità e il sistema sociale in cui sono inseriti.</p>



<p>Assumendo la centralità della persona (utente, operatore, cittadino) come riferimento costante del proprio operare (servizi, strutture, organizzazione), viene posta di conseguenza la massima attenzione alle persone che costituiscono la base sociale.</p>



<p><strong>Data di costituzione:</strong>&nbsp;&nbsp;&nbsp;&nbsp;&nbsp; 05/01/2009</p>



<p><strong>Tipologia:</strong> Cooperativa sociale a mutualità prevalente di Tipo A – ONLUS</p>



<p><strong>Codice fiscale e partita IVA:</strong>&nbsp;&nbsp;&nbsp;&nbsp;&nbsp;&nbsp; 00877320945</p>



<p><strong>Numero iscrizione Albo Cooperative:</strong>&nbsp;&nbsp;&nbsp; A196946</p>



<p><strong><u>Oggetto sociale:</u></strong><strong>&nbsp;&nbsp;&nbsp;&nbsp;&nbsp;&nbsp;&nbsp;&nbsp;&nbsp;&nbsp;&nbsp;&nbsp;&nbsp;</strong></p>



<ul><li>Realizzazione di attività sociali, socio-sanitarie e sanitarie con la fornitura di servizi anche a strutture terze sia pubbliche che private</li><li>Promozione di iniziative di sensibilizzazione, informazione e formazione sulla fruizione dei servizi offerti alla collettività con forte orientamento alla prevenzione dei fenomeni degenerativi di tipo fisico/psichico e sociale</li><li>Organizzazione di conferenze, manifestazioni, seminari sui temi oggetto della cooperativa</li></ul>



<p><strong><u>Composizione base sociale</u></strong></p>



<p>Assumono la qualifica di soci tutti coloro che presentino domanda al Consiglio di Amministrazione, il quale decide in merito alla richiesta.</p>



<p>Ogni socio concorre alla definizione degli indirizzi di gestione e al governo dell’impresa. La partecipazione alle assemblee per il socio è un diritto/dovere.</p>



<p>In relazione alla ammissione di nuovi soci la cooperativa ha agito nel rispetto del principio della porta aperta nel proporsi lo sviluppo dell’attività sociale. Le ammissioni sono state coerenti con la capacità della società di soddisfare gli interessi dei soci, sulla base delle concrete esigenze di sviluppo della stessa.</p>



<p>Soci al 31.12.2019 numero 111&nbsp;&nbsp;&nbsp;&nbsp;&nbsp;&nbsp;&nbsp;&nbsp;&nbsp;&nbsp;&nbsp;&nbsp;&nbsp;&nbsp;&nbsp;&nbsp;&nbsp;&nbsp;&nbsp;&nbsp;&nbsp;&nbsp;&nbsp;&nbsp;&nbsp;&nbsp;&nbsp;&nbsp;&nbsp;&nbsp;&nbsp;&nbsp;&nbsp;&nbsp;&nbsp;&nbsp;&nbsp;&nbsp;&nbsp;&nbsp;&nbsp;&nbsp;&nbsp;&nbsp;&nbsp;</p>



<p>Soci ammessi nel 2020 numero 16&nbsp;&nbsp;&nbsp;&nbsp;&nbsp;&nbsp;&nbsp;&nbsp;&nbsp;</p>



<p>Recesso soci nel 2020 numero 0</p>



<p>Soci al 31.12.2020 numero 127</p>
</div></div>



<h5 class="has-text-align-center"><strong><span class="has-inline-color has-vivid-red-color">COMPOSIZIONE DELLA BASE SOCIALE</span></strong></h5>



<figure class="wp-block-table is-style-regular"><table class="has-black-color has-text-color has-fixed-layout"><tbody><tr><td class="has-text-align-center" data-align="center"><strong><span class="has-inline-color has-vivid-red-color">TIPOLOGIA</span></strong></td><td class="has-text-align-center" data-align="center"><strong><span class="has-inline-color has-vivid-red-color">MASCHI</span></strong></td><td class="has-text-align-center" data-align="center"><strong><span class="has-inline-color has-vivid-red-color">FEMMINE</span></strong></td><td class="has-text-align-center" data-align="center"><strong><span class="has-inline-color has-vivid-red-color">TOTALE</span></strong></td></tr><tr><td class="has-text-align-center" data-align="center">ANNO 2020</td><td class="has-text-align-center" data-align="center">51</td><td class="has-text-align-center" data-align="center">76</td><td class="has-text-align-center" data-align="center">127</td></tr></tbody></table></figure>



<div class="wp-container-2 wp-block-group"><div class="wp-block-group__inner-container"></div></div>



<p>La Cooperativa prevede i seguenti organi sociali:</p>



<ul><li>l’Assemblea dei Soci</li><li>il Consiglio di Amministrazione</li><li>il Collegio dei Revisori</li></ul>



<p>L’assemblea dei soci è composta da tutti i soci ammessi a farne parte e si riunisce almeno una volta all’anno per l’approvazione del bilancio di esercizio. Le principali delibere dell’assemblea dei soci riguardano l’approvazione del bilancio, l’approvazione dei regolamenti interni, la nomina, revoca e sostituzione degli amministratori, le modifiche dello statuto sociale.</p>



<p><strong>Consiglio di Amministrazione</strong></p>



<p><strong>Petrangelo Luca</strong><br><em>Presidente</em></p>



<p><strong>Cuccovia Stefano</strong><br><em>Consigliere</em></p>



<p><strong>Verrecchia Mauro</strong><br><em>Consigliere</em></p>



<p><strong>Collegio dei Revisori</strong></p>



<p><strong>Patriciello Fabio</strong><br><em>Presidente</em></p>



<p><strong>Taccone Goffredo</strong><br><em>Sindaco</em></p>



<p><strong>Lonardo Luca</strong><br><em>Sindaco</em></p>
